{"id":59,"date":"2025-06-11T15:30:06","date_gmt":"2025-06-11T15:30:06","guid":{"rendered":"https:\/\/fundasgabags.cl\/?page_id=59"},"modified":"2025-06-11T15:30:06","modified_gmt":"2025-06-11T15:30:06","slug":"quienes-somos","status":"publish","type":"page","link":"https:\/\/www.fundasgabags.cl\/?page_id=59","title":{"rendered":"\u00bfQui\u00e9nes Somos?"},"content":{"rendered":"\n<p><strong>Fundas Gabags<\/strong>&nbsp;es una empresa santiaguina dedicada al&nbsp;<strong>dise\u00f1o y fabricaci\u00f3n artesanal de fundas protectoras para instrumentos musicales<\/strong>, hechas&nbsp;<strong>exclusivamente a pedido<\/strong>.<\/p>\n\n\n\n<p>Nacidos en el coraz\u00f3n de Santiago, Regi\u00f3n Metropolitana, nos especializamos en crear fundas a medida que se adaptan perfectamente a tu instrumento &#8211; ya sea acorde\u00f3n, guitarra, bajo, viol\u00edn u otro &#8211; garantizando la m\u00e1xima\u00a0<strong>protecci\u00f3n<\/strong>\u00a0durante su transporte y almacenaje.<\/p>\n\n\n\n<p>Utilizamos materiales de calidad como cuero y gabardina para ofrecer durabilidad y estilo. En Fundas Gabags, combinamos funcionalidad, cuidado por el detalle y un servicio personalizado para que tu instrumento viaje seguro y con personalidad<\/p>\n\n\n\n<p><\/p>\n","protected":false},"excerpt":{"rendered":"<p>Fundas Gabags&nbsp;es una empresa santiaguina dedicada al&nbsp;dise\u00f1o y fabricaci\u00f3n artesanal de fundas protectoras para instrumentos musicales, hechas&nbsp;exclusivamente a pedido. Nacidos en el coraz\u00f3n de Santiago, Regi\u00f3n Metropolitana, nos especializamos en crear fundas a medida que se adaptan perfectamente a tu instrumento &#8211; ya sea acorde\u00f3n, guitarra, bajo, viol\u00edn u otro &#8211; garantizando la m\u00e1xima\u00a0protecci\u00f3n\u00a0durante su [&hellip;]<\/p>\n","protected":false},"author":1,"featured_media":0,"parent":0,"menu_order":0,"comment_status":"closed","ping_status":"closed","template":"","meta":{"footnotes":""},"class_list":["post-59","page","type-page","status-publish","hentry","post"],"jetpack_sharing_enabled":true,"_links":{"self":[{"href":"https:\/\/www.fundasgabags.cl\/index.php?rest_route=\/wp\/v2\/pages\/59","targetHints":{"allow":["GET"]}}],"collection":[{"href":"https:\/\/www.fundasgabags.cl\/index.php?rest_route=\/wp\/v2\/pages"}],"about":[{"href":"https:\/\/www.fundasgabags.cl\/index.php?rest_route=\/wp\/v2\/types\/page"}],"author":[{"embeddable":true,"href":"https:\/\/www.fundasgabags.cl\/index.php?rest_route=\/wp\/v2\/users\/1"}],"replies":[{"embeddable":true,"href":"https:\/\/www.fundasgabags.cl\/index.php?rest_route=%2Fwp%2Fv2%2Fcomments&post=59"}],"version-history":[{"count":1,"href":"https:\/\/www.fundasgabags.cl\/index.php?rest_route=\/wp\/v2\/pages\/59\/revisions"}],"predecessor-version":[{"id":60,"href":"https:\/\/www.fundasgabags.cl\/index.php?rest_route=\/wp\/v2\/pages\/59\/revisions\/60"}],"wp:attachment":[{"href":"https:\/\/www.fundasgabags.cl\/index.php?rest_route=%2Fwp%2Fv2%2Fmedia&parent=59"}],"curies":[{"name":"wp","href":"https:\/\/api.w.org\/{rel}","templated":true}]}}